 is divided by y(n)?
15
Let m(k) = k**2 + 5*k - 6. Calculate the remainder when m(12) is divided by ((-5475)/(-21))/5 - 3/63*3.
42
Suppose -5*q - 1 = 3*y, 0 = -2*y + 5*q - 0*q + 16. Let p(b) = 5*b + 56. Let j be p(-13). Let k = j - -15. What is the remainder when k is divided by y?
0
Let p = -1373 + 1383. Let q = 36 + -32. Calculate the remainder when p is divided by q.
2
Let k = -89 + 94. Suppose -2*m = k*n - 228, 6*m - 108 = -2*n + m. Suppose -h + 5*h + 5*f - 52 = 0, -h + f = -13. Calculate the remainder when n is divided by h.
5
Let m(o) = o**2 + 3*o - 40. Let x be m(-8). Suppose -33*j + 20*j + 2015 = x. Calculate the remainder when j is divided by 26.
25
What is the remainder when -142 + 1175 - 9*-1 is divided by 35?
27
Let y(x) = 1279 - 3*x - x - 1033. Calculate the remainder when y(0) is divided by 19.
18
Let a(c) = 283*c - 769. Calculate the remainder when 1755 is divided by a(3).
75
Suppose -5*k - 10 = 0, 4*x + 10 = 5*k + 76. Suppose 18*f - 19*f + x = 0. Suppose 4*y = 2*u - f, -2*y = 2 - 0. Calculate the remainder when 21 is divided by u.
1
Suppose -3*i - 16*o + 102 = -13*o, 171 = 4*i - 3*o. Suppose 10*w + i = 11*w. What is the remainder when w is divided by 7?
4
Let j be (500/(-8 + 3))/1. Calculate the remainder when (-14150)/j - 6/(-4) is divided by 16.
15
What is the remainder when (-79)/(11376/(-2427168))*3/2 is divided by 294?
293
Let z = -25 + 28. Let t(n) = 3*n**2 + 5*n - 2. Let f be t(-5). Suppose -4*h = -4*l + 100, f = 3*l + z*h - 39. What is the remainder when 77 is divided by l?
23
Suppose -167 + 119 = -k. Suppose 5*v = 4*r - 66, 4*r + 4*v - k = -0*v. Calculate the remainder when r is divided by 3.
2
Suppose 16*b - 33*b = -8704. Suppose 331*z - b = 323*z. Calculate the remainder when 267 is divided by z.
11
Let v(d) = -5*d**2 - 124*d + 145. What is the remainder when v(-23) is divided by 132?
88
Let g(t) = -t**3 - 8*t**2 - 2*t - 11. Let h(x) be the first derivative of -25*x**2/2 - 234*x - 141. Calculate the remainder when h(-11) is divided by g(-8).
1
Let w = -92442 + 92446. Let a(j) = 12*j + 2. What is the remainder when a(6) is divided by w?
2
Suppose -132*b + 1464 = -130*b - 2*g, 4397 = 6*b - 5*g. Calculate the remainder when b is divided by 13.
9
Let y = 5 + 6. Suppose -y*q = -q - 170. Suppose -15*o - 86 = -q*o. Calculate the remainder when o is divided by 22.
21
Suppose -12*q + 569 = -943. Suppose -q = -58*y + 5384. Calculate the remainder when y is divided by 6.
5
Let o(z) = z**3 + 12*z**2 + 9*z - 44. Let s be o(-7). Suppose s = 2*u - 72. What is the remainder when u is divided by 16?
9
Suppose 11 + 1 = 3*s. Let q(v) = 41 - 3*v - 3*v - 37 + s*v**2 - 5*v**2. Calculate the remainder when 35 is divided by q(-5).
8
Let x(t) = t**3 - 10*t**2 + 22*t - 3. Let v be x(7). Suppose -2*w + 10*p = 13*p - 36, 4*p - 64 = -v*w. Calculate the remainder when 670 is divided by w.
10
Suppose 0 = -4*p - v + 12, p = 5*v - 10 - 8. Suppose -w + 5*u + 130 = p*w, 2*w - u = 89. What is the remainder when 98 is divided by w?
8
Suppose 403*h + 77 = 404*h. Let d be 8*(-3)/18*-3. Calculate the remainder when h is divided by (-136)/(-14) - d/(-14).
7
Suppose 2*f - 2*g = -28, -5*f + 8*f = 2*g - 40. Let p = 33 - f. Calculate the remainder when 88 is divided by p.
43
Let r be (-30)/80 - 9132/(-32). Suppose -r = 34*l - 49*l. What is the remainder when 208 is divided by l?
18
Let n = -231 - -659. Suppose -n = -11*s + 419. What is the remainder when s is divided by 39?
38
Let n = -11455 - -11511. Calculate the remainder when 151 is divided by n.
39
Let v(k) = 440*k**3 - 7*k + 5. What is the remainder when 888 is divided by v(1)?
12
Let z = 1719 + -1347. Calculate the remainder when z is divided by 79.
56
What is the remainder when ((-1573)/(-26) - -10)*(-140)/(-15) is divided by (-220)/33*9/(-5)?
10
Suppose -5*c + 175*l - 176*l + 586 = 0, 0 = c - 2*l - 104. What is the remainder when 8466 is divided by c?
114
Suppose 135 = 5*n - 5*j, n - 9 = 5*j + 26. Suppose n*l = 88*l - 1008. Calculate the remainder when 173 is divided by l.
13
Let l be (4/(-5))/((-5)/50). Calculate the remainder when 141/(((-594)/(-396))/((-6)/(-4))) is divided by l*(3 + -1) + 2.
15
Suppose -462 + 4372 = 17*h. Suppose 0 = 2*z + 5*p - 41, 5*z + 14 = p + 76. Calculate the remainder when h is divided by z.
9
What is the remainder when 296 is divided by (-756)/81*216/(-42)?
8
Suppose -332*a + 6551 + 123261 = 0. Calculate the remainder when a is divided by 8.
7
Let n(t) = 68*t - 393. Calculate the remainder when 37 is divided by n(6).
7
Calculate the remainder when 440 is divided by 2/(-8) + (-50737)/(-452).
104
Suppose 5*v + 17 = 4*v. Let h = v - -34. Calculate the remainder when 47 is divided by h - 8/(-12)*-6.
8
What is the remainder when 8670 is divided by ((-2)/(-4))/((-11)/22)*-16?
14
Let f = -68 - -100. Let k = 2722 - 2566. What is the remainder when k is divided by f?
28
Let l(j) = -3*j**2 + 2*j - j**3 - 1 + 0 + 7 + 0. Let b = -1 - -28. Calculate the remainder when b is divided by l(-4).
13
Suppose -5037 = -127*s + 9695. What is the remainder when 4753 is divided by s?
113
Suppose -226*h - 74*h + 809358 + 219942 = 0. Calculate the remainder when h is divided by 101.
98
Let f(d) = 41*d - 23. Let b be f(3). Suppose 0 = b*h - 95*h - 3860. What is the remainder when h is divided by 31?
28
Let g be 10/(-8) + 3490/40. Let j = g - 36. Let r = j - 33. What is the remainder when 45 is divided by r?
11
Let o = -134 - -150. Suppose o*l - 362 = -106. What is the remainder when 60 is divided by l?
12
Let s(m) = -282*m + 808. Calculate the remainder when s(2) is divided by 23.
14
Let k be (((-84)/18)/(-1))/(16/(-192)). Suppose 5*u = 252 + 133. Let o = u + k. Calculate the remainder when o is divided by 13.
8
Suppose -1141 = 8*o + 1019. Calculate the remainder when ((112/(-12))/(-4))/((-3)/o) is divided by 24.
18
Suppose 0 = 205*t - 201*t + 2*s - 1356, 5*t - s = 1702. Calculate the remainder when t is divided by 53.
22
Suppose 3*v + 3*b = 318, 3*v + 5*b - 889 = -593. Suppose 5*x - 59 - 31 = 2*u, -70 = -4*x + 2*u. Calculate the remainder when v is divided by x.
17
Suppose 13*r + 169*r - 21626 = 8586. What is the remainder when 524 is divided by r?
26
Let o(n) be the third derivative of n**5/60 + n**4/12 - n**3/2 - 18*n**2 - n. Suppose 0 = -2*d - 0*d + 78. What is the remainder when d is divided by o(-6)?
18
Let c(h) = -10*h**2 - 18*h + 40. Let p be c(5). Let y = p - -367. What is the remainder when y is divided by 14?
11
Let d(v) be the third derivative of -18*v**2 + 1/2*v**3 - 5/24*v**4 - 1/120*v**6 - 1/20*v**5 + 0 + 0*v. What is the remainder when d(-3) is divided by 2?
0
Suppose 5 = -2*y - 5, -2*m + 106 = -2*y. Let h = 935 - 892. What is the remainder when m is divided by h?
5
What is the remainder when 672 is divided by -13 + 14/(28/474)?
0
Let g = 1867 - 1296. What is the remainder when g is divided by 41?
38
Let p(x) = 559*x - 3992. Calculate the remainder when p(9) is divided by 509.
21
Let h = -424 - -405. Let y = h + 43. Calculate the remainder when 83 is divided by y.
11
Let k = 124 + -76. What is the remainder when 584/6 - k/(-72) is divided by 11?
10
Suppose 0 = -2*i + 2*t - 24 + 12, 0 = -4*i + 2*t - 24. What is the remainder when (-3)/(-4)*(1 + 43) is divided by (i - 0) + 7 + 16?
16
Let d(n) = n - 3. Let w be d(4). Suppose -7*h = 7 - 91. What is the remainder when 48/w + -1*2 is divided by h?
10
Suppose -5*l - 1136 = 2*b, -4*l - l = -b + 1142. Let t be (l/(-5))/((-3)/(-10)). Let y = t - 123. What is the remainder when y is divided by 6?
5
Let a(h) = 3*h**3 + h**2 + 8*h - 5. What is the remainder when 1306 is divided by a(3)?
107
Let c be -5 - (6 + -12) - -1. Suppose 19*a - 1260 = -c*a. Calculate the remainder when a is divided by 31.
29
Let r(g) = -7*g - 7. Let k = 36 + -43. Let d be r(k). Suppose -3*y + s + d = -0*s, -2*y + s = -29. What is the remainder when 22 is divided by y?
9
Suppose 0 = -9*h - 78*h + 36888. Calculate the remainder when h is divided by 137.
13
Suppose -18*m + 13*m - 3*n = -8989, n - 3 = 0. Calculate the remainder when m is divided by 16.
4
Let h = 60 - 31. Suppose -446*b + 20789 + 51822 = 17753. Calculate the remainder when b is divided by h.
7
Let h(v) = -1756*v - 6157. What is the remainder when h(-6) is divided by 337?
335
Let k(t) = -4*t + 9. Suppose -22 